late k(t).
-8
Let c be 4*(-1 + 5/2 - 0). Let f(x) = 7*x**3 - 6*x + 11. Let w(z) = -6*z**3 + z**2 + 5*z - 10. Let n(q) = -5*f(q) - 6*w(q). What is n(c)?
5
Let y(b) be the third derivative of b**6/120 - b**5/12 - b**4/8 + 3*b**2. Give y(5).
-15
Let u be (-22)/(-8) + 3/12. Let p(k) = 11 - k**u - 6*k - 13 + 0*k + 6*k**2. Determine p(5).
-7
Let j(g) = -g**3 - 21*g**2 + 22*g. Let p be j(-22). Let n(s) be the second derivative of -s**2 + p + 4*s + 1/3*s**3. Calculate n(-2).
-6
Let l(y) be the second derivative of -y**4/12 + y**2/2 + 34*y. Calculate l(0).
1
Let b be (7/(-2))/7 - -1. Let l(u) be the first derivative of -b*u**2 - 7*u + 1. Calculate l(-3).
-4
Let i(n) = -n**2 + 3*n + 1. Let u be (-10)/(-6) + (-15)/(-45). What is i(u)?
3
Let n be 0 + 1*(-4 + -1). Let r = 1 + n. Let z(q) = -2*q + 1 - 3 - 2. Give z(r).
4
Let y(o) = -2*o + 5*o + 4*o - 1. Let a = -7 - -6. Determine y(a).
-8
Suppose -4*d = -3*g - g + 8, g - 4*d = 8. Let q(j) be the third derivative of g*j + 1/6*j**3 + 0 + 2*j**2 - 1/3*j**4. Calculate q(-1).
9
Let n(r) be the third derivative of -1/6*r**3 + 0 + 0*r**4 - 1/60*r**5 + 3*r**2 + 0*r. Calculate n(-1).
-2
Let p(q) = q + 2*q**2 + 4*q**2 + 3 + q - 5*q**2. What is p(-2)?
3
Suppose 2*s - 3*s - 17 = 0. Let n = -16 - s. Let d(v) = v**2 + 2*v - 1. Determine d(n).
2
Let y = 1 + 1. Let a(z) = z - 2*z + z**y + 2*z + 0*z. Calculate a(1).
2
Let b be (-10)/45 + (-32)/18. Let z(i) = 2*i**2 + i + 1. Let g be z(b). Let u = g + -11. Let f(a) = -a**3 - 4*a**2 - 3*a - 4. Determine f(u).
8
Let n(h) be the first derivative of -h**2/2 - 7*h - 16. Suppose -j = -6*j. What is n(j)?
-7
Let o be (-3)/2*(-16)/18. Let q(n) be the second derivative of 0*n**2 - 2*n + 0 - o*n**3. What is q(-1)?
8
Let o be 2*(1/2 - -1). Let d(i) = -2*i**2 + i**3 + o*i - 2*i**2 - 4 - 2*i. Let p(a) = a - 4. Let x be p(8). Give d(x).
0
Let w(d) = -8*d**3 - 10*d**2 - 17*d + 7. Let b(i) = -3*i**3 - 5*i**2 - 8*i + 3. Let c(n) = 5*b(n) - 2*w(n). Let l be (2 - 3) + (8 - 1). What is c(l)?
1
Suppose 0 = -d - 2*d - 33. Let v be 4/(-22) + (-68)/d. Let f(u) = -v + 3 - 4*u + 2. Give f(1).
-5
Let t(y) = -y**3 - 4*y**2 + 4*y - 5. Let r be t(-5). Suppose 18 = 4*c - 5*z, 4*c - 4 = -2*z - 0. Let w(m) = 8 - c + r*m - 3*m. What is w(4)?
-6
Suppose 0 = -m - 2*m. Let d(f) = -f - 3. Calculate d(m).
-3
Let x(i) = 0 + i**3 + 3*i + 3*i - 6 - 6*i**2. Suppose 0 = -j + 11*j - 50. Calculate x(j).
-1
Let s(h) = 7 + 0*h**2 - 5*h - 4*h + 4*h**2 - 4*h**3. Let d(t) = -6*t**3 + 6*t**2 - 13*t + 10. Let r(x) = 5*d(x) - 7*s(x). Suppose 0 + 3 = 3*n. Calculate r(n).
-1
Let k(z) be the third derivative of -z**7/2520 + z**6/90 + z**5/20 - z**4/3 + 5*z**2. Let t(n) be the second derivative of k(n). Calculate t(6).
18
Let q = 66 - 69. Let x(h) = h**3 + 2*h**2 - 3*h + 2. Calculate x(q).
2
Let s(o) = 5*o + 4. Suppose 3*u - g + 14 = 0, 2*u + 3*g + 0*g - 9 = 0. Give s(u).
-11
Let v(n) = -5*n + 6*n - 6*n - 6 + n**2. Suppose d = -d. Suppose d = -4*f + 5*f - 5. Give v(f).
-6
Let w be (-8)/(-16) + 27/2. Suppose 5*l + w = -16. Let d(m) = -m**2 - 7*m - 1. What is d(l)?
5
Suppose -3*n + 12 = -n. Let z(y) = 2*y + 0*y - n + 7. Determine z(4).
9
Let s(x) = 4*x - 19. Let y be s(6). Let q(c) = c**3 - 5*c**2 - 4*c + 7. What is q(y)?
-13
Let b(y) be the third derivative of -y**6/60 - y**5/120 + y**3/3 + 3*y**2. Let c(w) be the first derivative of b(w). Give c(1).
-7
Let q(m) = -m**2 + m. Let y(i) = 5*i**2 - 3*i - 2. Let v(g) = -3*q(g) - y(g). Let a = -5 - -7. Determine v(a).
-6
Let b be 12/6 + 5*1. Let x(n) = -n**2 + 7*n + 8. Determine x(b).
8
Suppose -4*m + 19 = 3. Let f(o) = 4 + 0*o**2 - 2*o**2 + 4*o + o**2. Give f(m).
4
Let l(w) = 21*w**2 - 46*w**2 + 28*w**2 - 2*w**3. Give l(3).
-27
Let y(j) be the first derivative of j**4/12 - j**3/6 - j**2/2 - 3*j + 1. Let n(a) be the first derivative of y(a). What is n(3)?
5
Let r(a) be the third derivative of a**4/8 - a**3/2 - 4*a**2. Determine r(-3).
-12
Let h(k) = k**2 - k - 1. Let t = -7 - -5. Let l be (-3)/t + 6/(-4). Suppose l = p - 3*p - 4. What is h(p)?
5
Let c be 2 + (1*18)/3. Let w be -2*(-2 + 3) + c. Let b(q) be the first derivative of q**4/4 - 2*q**3 + q**2 - 6*q + 2. Give b(w).
6
Let a(s) = -s**2 + 2 + 4*s + 0*s**2 + s. Suppose -4*i = 0, -i + 2*i = -5*h + 25. What is a(h)?
2
Let y(r) = r**2 - 5*r + 5. Suppose -2*q - 4*z = -0 - 12, q + 3*z - 7 = 0. Calculate y(q).
1
Let o(c) = 8 - 5*c**2 + 2*c**2 + 8*c + c**2 + c**2. Calculate o(7).
15
Suppose 2*s + 0*s = 0. Let r(p) = -p**2 + 9. Calculate r(s).
9
Let l(b) = -4*b**2 + 7*b. Let x(v) = 5*v**2 - 9*v + 1. Let d(n) = -4*l(n) - 3*x(n). Give d(-4).
17
Let f(h) = 2*h - 4. Let p be (-152)/(-56) - 4/(-14). Let o = -1 - p. What is f(o)?
-12
Let b(g) = -g**2 - 2*g + 1. Suppose 16 = -4*d - z, 3*d = z - 5*z - 25. Give b(d).
-2
Suppose -5*i + 4*n = 37, 3*n = -3*i - n - 3. Let x(d) = d**3 + 6*d**2 + 6*d + 6. What is x(i)?
1
Let d(s) be the second derivative of s**5/20 - 5*s**4/12 + s**3/3 - 3*s**2 - s. Let i = -3 - -18. Suppose 2*x + x - i = 0. Calculate d(x).
4
Let h(o) = 8*o + 0 + 3*o**3 + 7*o**2 - 2*o**3 + 7 + 0*o**2. Determine h(-6).
-5
Let s(b) be the third derivative of -2*b**2 - 1/3*b**3 + 1/24*b**4 + 0*b + 0. Let q(c) = 2*c - 4. Let w(h) = 3*q(h) - 5*s(h). Calculate w(5).
3
Let h(n) = 3*n + 3. Let g(k) = 4*k + 4. Let f(l) = -4*g(l) + 5*h(l). Suppose -4 = -r - 6. Determine f(r).
1
Let k(d) = -d**3 + 1. Let g(q) = 2*q + 0 - 8 + 0*q**2 + 0 + 5*q**3 + 2*q**2. Let x(o) = g(o) + 6*k(o). Determine x(-2).
10
Let a(r) = r**3 - 3*r**2 - 5*r - 1. Let q = 5 + -9. Let g = q - -8. Give a(g).
-5
Let o(s) = s**2 + 6*s + 1. Let y = 2 + -6. Determine o(y).
-7
Let i(c) be the third derivative of -c**6/120 - c**5/15 + 7*c**4/24 + c**3/3 + 5*c**2. Suppose 0*f + 3*f = -18. Let t = f + 1. Give i(t).
-8
Suppose 4*q - 33 + 9 = 0. Let s(c) = c**2 - 4*c + 9. What is s(q)?
21
Let f(g) = g**3 + 3*g**2 + 3*g + 2. Suppose 0 = 3*s - h + 5, -3 = 2*s + 2*h + 3. Give f(s).
0
Let o(x) = -x**2 - x. Let r(i) = i**2 + 5*i - 4. Let t(q) = 2*o(q) + r(q). Let h = -166 - -169. Calculate t(h).
-4
Let z(p) = p - 14. Suppose -4*c + i = -1, 5 = -6*c + c - 5*i. Determine z(c).
-14
Let g(d) = d + d - 7*d - 2. What is g(-2)?
8
Let t(g) = -6*g - 5*g**2 + 5*g + 1 + g**2. Give t(1).
-4
Let s(u) = 4*u**3 + 7*u**2 - 7*u + 7. Let y(p) = p**2 - p + 1. Let i(f) = s(f) - 6*y(f). Let t = -4 + 5. Calculate i(t).
5
Let u(z) = z**2 + z. Let a(m) = -14*m**2 - 13*m. Let i(y) = 6*a(y) + 78*u(y). Let t(q) = -10*q**3 + q. Let l be t(-1). Let d = l + -10. Determine i(d).
-6
Let p(i) = i**2 + 2*i. Suppose -4 = 4*u, 4*b - 2*u = -0*b - 10. Let y be p(b). Suppose h + y = 2. Let s(q) = 4*q**2 - q - 1. Determine s(h).
4
Let v = 4 - 2. Let j = 1 + 0. Let r(q) = j + v - q**3 + q + 2. Calculate r(0).
5
Let i(r) = 4*r**2 + 4*r - 8. Let w(a) = 3*a**2 + 4*a - 7. Let p(q) = 5*i(q) - 6*w(q). Give p(2).
2
Let r = -1 + -3. Let d be (7 + -5)*2/r. Let j(q) = -q**3 + q**2 + q. Give j(d).
1
Let y(i) be the second derivative of 1/3*i**3 + 0 + 1/12*i**4 + 0*i**2 + 4*i - 1/20*i**5. Give y(-2).
8
Let z(g) be the third derivative of -g**5/60 + 7*g**4/24 + 2*g**3 + 26*g**2. Give z(9).
-6
Let l(a) = a**2 - a - 10. Let x = 22 - 22. Calculate l(x).
-10
Let s(o) = -3*o**2 - 3*o. Let z(i) = i**2. Let h(d) = s(d) + 6*z(d). Let v = 5 - 3. Calculate h(v).
6
Suppose 10 = -0*b - 2*b. Let p be b*(-2)/6*-3. Let c(w) be the first derivative of w**4/4 + 5*w**3/3 + w**2/2 + 4*w + 2. Give c(p).
-1
Let p = -3 - -7. Let u(y) = -y**2 + 5 + 0*y**2 + 0*y**2 + p*y. Let m be 9 + -1 - 0 - 2. Determine u(m).
-7
Let t be (-3)/((1 + 3)/(-4)). Let k(l) be the first derivative of -3*l + 2 + 1/4*l**4 + l**t - 3*l**2. Determine k(-4).
5
Let u(r) = -r. Let x(z) = z**2 - z. Let w(t) = 4*u(t) + x(t). What is w(4)?
-4
Let a(z) = -3*z + 4*z + 0 + 3. Let w = -35 + 35. What is a(w)?
3
Let m(a) = 3*a - 1. Let q(z) = -11*z - 8. Let f(n) = -4*n - 3. Let b(x) = -8*f(x) + 3*q(x). Let v be b(-4). Suppose t - 2*l = -2, 0 = 3*t - v*l + 2. Give m(t).
5
Let p(z) = 4*z - 1. Let a be p(1). Let w(t) = 2*t**2 - 5*t + 3. Determine w(a).
6
Let l = 5 + -8. Let f(n) = -4*n**2 + 2*n - 1. Let p(j) = j**2 - 1. Let w(k) = l*p(k) - f(k). Give w(3).
7
Let z(g) = g**2 + 7*g - 3. Let l be (5 + (-5)/10)*(-8)/6. Calculate z(l).
-9
Let a(f) = f**3 - 2*f**2 - 6*f. Let p(d) = d**3 - d**2 - 5*d - 1. Let t(u) =